 highest common factor of 1888930 and 282.
94
What is the highest common divisor of 141954140 and 11660?
1060
Calculate the greatest common divisor of 45123420 and 135.
15
Calculate the highest common divisor of 8356 and 4532.
4
Calculate the highest common divisor of 146685795 and 4005.
1335
Calculate the greatest common divisor of 1496432 and 378.
14
What is the highest common factor of 93978326 and 1093?
1093
Calculate the greatest common factor of 20170675 and 700.
175
Calculate the greatest common divisor of 891 and 2021345766.
891
What is the highest common divisor of 2810 and 369898565?
1405
What is the greatest common divisor of 13884 and 4599876?
1068
Calculate the highest common factor of 1 and 5776963.
1
What is the greatest common factor of 682536 and 4008?
24
What is the highest common factor of 84257033 and 27475?
1099
What is the highest common factor of 59858 and 317974?
346
What is the greatest common divisor of 131603112 and 72?
72
What is the highest common divisor of 13513005 and 1980?
495
What is the highest common factor of 82990926 and 111?
111
Calculate the highest common divisor of 47822 and 118.
2
Calculate the greatest common divisor of 8896968 and 360.
72
Calculate the highest common divisor of 64989 and 130761.
783
What is the highest common divisor of 52377 and 25624287?
663
Calculate the greatest common factor of 20726 and 69058.
86
What is the highest common factor of 164352 and 48924?
12
Calculate the highest common divisor of 1493800 and 112.
56
Calculate the highest common divisor of 243 and 2238986691.
243
What is the greatest common divisor of 8674985 and 6150?
205
What is the highest common divisor of 6435143 and 182?
13
Calculate the greatest common divisor of 1090117 and 7.
7
Calculate the greatest common divisor of 36134448 and 774.
258
Calculate the highest common factor of 49305 and 40597045.
865
What is the highest common divisor of 34707 and 104581?
23
What is the highest common factor of 53273164 and 56?
28
Calculate the highest common divisor of 189239017 and 11176.
1397
What is the greatest common divisor of 15794448 and 7587?
843
Calculate the highest common factor of 1656 and 2108004.
12
What is the highest common factor of 2952720 and 10260?
540
Calculate the highest common divisor of 187542188 and 310.
62
Calculate the greatest common factor of 1068 and 396303828.
1068
Calculate the highest common factor of 1218928 and 91945.
2627
Calculate the greatest common factor of 127683 and 13257.
27
Calculate the greatest common factor of 1235048904 and 246.
246
What is the greatest common divisor of 11832344 and 5076?
188
Calculate the highest common divisor of 4908657 and 143.
13
Calculate the greatest common divisor of 86483 and 29747.
197
Calculate the greatest common divisor of 253861 and 352070.
1853
Calculate the greatest common factor of 1785250 and 24704.
386
What is the greatest common divisor of 3127336 and 8?
8
Calculate the greatest common factor of 19826 and 6808.
46
Calculate the highest common divisor of 228 and 2896797.
57
Calculate the greatest common divisor of 2262 and 1251551028.
2262
What is the greatest common divisor of 102 and 750013684?
34
What is the highest common divisor of 4022 and 47783371?
2011
What is the greatest common factor of 1884671 and 731?
17
What is the highest common divisor of 7244488 and 1432?
1432
Calculate the highest common factor of 7209 and 66929691.
267
Calculate the greatest common divisor of 7593676 and 28.
4
What is the greatest common factor of 3942120 and 950?
190
What is the highest common divisor of 1989585 and 118560?
3705
Calculate the highest common divisor of 4218 and 921374.
74
Calculate the greatest common divisor of 43079593 and 172.
43
Calculate the greatest common factor of 6256 and 833968592.
6256
What is the greatest common factor of 8 and 458701?
1
What is the greatest common divisor of 47 and 94061711?
47
Calculate the greatest common divisor of 2101892 and 813290.
974
Calculate the highest common divisor of 767947 and 14359.
173
Calculate the greatest common factor of 90 and 528495.
15
Calculate the highest common divisor of 57561 and 14133.
21
Calculate the greatest common divisor of 69 and 78196941.
69
What is the highest common factor of 125576397 and 36?
9
What is the greatest common divisor of 729 and 7082397?
81
Calculate the greatest common divisor of 909818 and 157612.
182
Calculate the greatest common divisor of 798 and 1586443.
19
Calculate the highest common divisor of 23263 and 4807867.
541
What is the greatest common factor of 17008 and 495536?
16
What is the greatest common divisor of 2756539 and 115573?
2459
Calculate the highest common divisor of 21735967 and 22.
11
Calculate the highest common divisor of 35352 and 29880.
72
What is the greatest common divisor of 4892642 and 6784?
106
Calculate the highest common factor of 19 and 39733313.
19
Calculate the greatest common factor of 1642 and 36722509.
821
Calculate the greatest common factor of 1450 and 309950.
50
Calculate the highest common factor of 3808 and 6310094.
238
What is the greatest common divisor of 46 and 57589907?
23
What is the greatest common factor of 730 and 1677171715?
365
What is the greatest common divisor of 2579840 and 348?
116
What is the highest common factor of 2581875 and 290625?
1875
What is the greatest common factor of 17762346 and 366?
366
Calculate the highest common divisor of 1681 and 557805.
41
What is the greatest common divisor of 17494 and 555793127?
8747
Calculate the greatest common factor of 76570 and 11362.
494
Calculate the highest common divisor of 429608 and 20667.
83
Calculate the highest common factor of 18205 and 32538955.
1655
Calculate the highest common factor of 37134572 and 4.
4
What is the highest common divisor of 7203994 and 224?
14
Calculate the highest common divisor of 9598360 and 20.
20
Calculate the greatest common divisor of 55146528 and 12.
12
Calculate the highest common divisor of 690 and 9196113.
69
What is the highest common factor of 1626 and 2885608?
542
Calculate the greatest common factor of 11403546 and 4466.
154
Calculate the highest common divisor of 69457528 and 40.
8
What is the highest common factor of 4004 and 113211098?
2002
Calculate the greatest common divisor of 1586 and 15118057.
61
What is the greatest common factor of 67158401 and 3?
1
Calculate the highest common divisor of 6132 and 224157304.
2044
What is the highest common factor of 24 and 3057153336?
24
Calculate the greatest common divisor of 92455 and 1981243.
451
What is the greatest common factor of 736 and 4777997?
23
What is the greatest common divisor of 27125 and 2832550?
175
Calculate the greatest common factor of 18569 and 139567.
599
Calculate the highest common factor of 606 and 2891529.
303
Calculate the highest common divisor of 158341565 and 1570.
785
What is the greatest common factor of 5159873 and 106989?
1877
Calculate the highest common factor of 13832 and 10082345.
91
Calculate the highest common factor of 11010 and 16890.
30
Calculate the highest common factor of 6883846 and 232.
58
Calculate the greatest common factor of 38 and 594595272.
38
What is the greatest common divisor of 782 and 5557283?
391
What is the greatest common divisor of 65564 and 196396?
148
What is the greatest common divisor of 238 and 885974635?
119
What is the highest common factor of 728 and 40489176?
728
Calculate the greatest common divisor of 397827455 and 170.
85
What is the greatest common factor of 100138122 and 4774?
434
Calculate the greatest common divisor of 163629186 and 83937.
11991
Calculate the highest common divisor of 128869 and 59047.
431
What is the highest common factor of 86713737 and 99?
33
Calculate the highest common divisor of 143892 and 1152.
36
What is the greatest common factor of 18 and 212001606?
18
Calculate the greatest common divisor of 468 and 7184476.
52
Calculate the highest common divisor of 1059 and 21954129.
1059
What is the greatest common divisor of 7204 and 349107641?
1801
Calculate the highest common factor of 29258771 and 398.
199
What is the greatest common factor of 6 and 456493854?
6
Calculate the greatest common divisor of 394206 and 48.
6
Calculate the greatest common divisor of 